{"id":17092,"date":"2025-11-06T18:19:15","date_gmt":"2025-11-06T18:19:15","guid":{"rendered":"https:\/\/uniekproperties.com\/propiedades\/2-chambres-appartement-costa-del-silencio-3\/"},"modified":"2025-11-06T18:19:15","modified_gmt":"2025-11-06T18:19:15","slug":"2-chambres-appartement-costa-del-silencio-3","status":"publish","type":"inmoweb_property","link":"https:\/\/uniekproperties.com\/fr\/propiedades\/2-chambres-appartement-costa-del-silencio-3\/","title":{"rendered":"2 Chambres &#8211; Appartement &#8211; Costa del Silencio"},"content":{"rendered":"<p>Appartement lumineux \u00e0 vendre au sud de Tenerife avec terrasse priv\u00e9e et piscine commune. Ce charmant appartement est parfait comme r\u00e9sidence principale ou maison secondaire. Il est situ\u00e9 dans un complexe r\u00e9sidentiel calme et bien entretenu, offrant une qualit\u00e9 de vie agr\u00e9able sous le soleil toute l\u2019ann\u00e9e.<\/p>\n<p>Il comprend deux grandes chambres d\u00e9cor\u00e9es dans un style m\u00e9diterran\u00e9en, ainsi qu\u2019un salon-salle \u00e0 manger ouvert avec une cuisine enti\u00e8rement \u00e9quip\u00e9e. De grandes fen\u00eatres inondent l\u2019espace de lumi\u00e8re naturelle et donnent directement acc\u00e8s \u00e0 une terrasse priv\u00e9e avec vue d\u00e9gag\u00e9e sur la piscine et les jardins. La salle de bain est compl\u00e8te avec une douche et une machine \u00e0 laver.<\/p>\n<p>L\u2019appartement est id\u00e9alement situ\u00e9 \u00e0 proximit\u00e9 des plages, des commerces, des restaurants et de tous les services. Une belle opportunit\u00e9 d\u2019acqu\u00e9rir un bien pr\u00eat \u00e0 emm\u00e9nager au sud de Tenerife, \u00e0 deux pas de la mer.[IW]<\/p>\n","protected":false},"excerpt":{"rendered":"<p>Appartement lumineux \u00e0 vendre au sud de Tenerife avec terrasse priv\u00e9e et piscine commune. Ce charmant appartement est parfait comme r\u00e9sidence principale ou maison secondaire. Il est situ\u00e9 dans un complexe r\u00e9sidentiel calme et bien entretenu, offrant une qualit\u00e9 de vie agr\u00e9able sous le soleil toute l\u2019ann\u00e9e. Il comprend deux grandes chambres d\u00e9cor\u00e9es dans un [&hellip;]<\/p>\n","protected":false},"featured_media":7867,"template":"","meta":[],"property_type":[94],"property_operation":[209],"property_condition":[],"class_list":["post-17092","inmoweb_property","type-inmoweb_property","status-publish","has-post-thumbnail","hentry","property_type-appartement","property_operation-vente"],"_links":{"self":[{"href":"https:\/\/uniekproperties.com\/fr\/wp-json\/wp\/v2\/properties\/17092","targetHints":{"allow":["GET"]}}],"collection":[{"href":"https:\/\/uniekproperties.com\/fr\/wp-json\/wp\/v2\/properties"}],"about":[{"href":"https:\/\/uniekproperties.com\/fr\/wp-json\/wp\/v2\/types\/inmoweb_property"}],"version-history":[{"count":0,"href":"https:\/\/uniekproperties.com\/fr\/wp-json\/wp\/v2\/properties\/17092\/revisions"}],"wp:featuredmedia":[{"embeddable":true,"href":"https:\/\/uniekproperties.com\/fr\/wp-json\/wp\/v2\/media\/7867"}],"wp:attachment":[{"href":"https:\/\/uniekproperties.com\/fr\/wp-json\/wp\/v2\/media?parent=17092"}],"wp:term":[{"taxonomy":"property_type","embeddable":true,"href":"https:\/\/uniekproperties.com\/fr\/wp-json\/wp\/v2\/property_type?post=17092"},{"taxonomy":"property_operation","embeddable":true,"href":"https:\/\/uniekproperties.com\/fr\/wp-json\/wp\/v2\/property_operation?post=17092"},{"taxonomy":"property_condition","embeddable":true,"href":"https:\/\/uniekproperties.com\/fr\/wp-json\/wp\/v2\/property_condition?post=17092"}],"curies":[{"name":"wp","href":"https:\/\/api.w.org\/{rel}","templated":true}]}}

<p>Appartement lumineux à vendre au sud de Tenerife avec terrasse privée et piscine commune. Ce charmant appartement est parfait comme résidence principale ou maison secondaire. Il est situé dans un complexe résidentiel calme et bien entretenu, offrant une qualité de vie agréable sous le soleil toute l’année.</p>
<p>Il comprend deux grandes chambres décorées dans un style méditerranéen, ainsi qu’un salon-salle à manger ouvert avec une cuisine entièrement équipée. De grandes fenêtres inondent l’espace de lumière naturelle et donnent directement accès à une terrasse privée avec vue dégagée sur la piscine et les jardins. La salle de bain est complète avec une douche et une machine à laver.</p>
<p>L’appartement est idéalement situé à proximité des plages, des commerces, des restaurants et de tous les services. Une belle opportunité d’acquérir un bien prêt à emménager au sud de Tenerife, à deux pas de la mer.[IW]</p>

<p>Appartement lumineux à vendre au sud de Tenerife avec terrasse privée et piscine commune. Ce charmant appartement est parfait comme résidence principale ou maison secondaire. Il est situé dans un complexe résidentiel calme et bien entretenu, offrant une qualité de vie agréable sous le soleil toute l’année. Il comprend deux grandes chambres décorées dans un [&hellip;]</p>
