{"id":17870,"date":"2026-03-30T15:02:07","date_gmt":"2026-03-30T15:02:07","guid":{"rendered":"https:\/\/uniekproperties.com\/propiedades\/2-chambres-appartement-la-estrella\/"},"modified":"2026-03-30T15:02:07","modified_gmt":"2026-03-30T15:02:07","slug":"2-chambres-appartement-la-estrella","status":"publish","type":"inmoweb_property","link":"https:\/\/uniekproperties.com\/fr\/propiedades\/2-chambres-appartement-la-estrella\/","title":{"rendered":"2 Chambres \u2013 Appartement \u2013 La Estrella"},"content":{"rendered":"<p>Ce bien de 70 m\u00b2 construits est propos\u00e9 \u00e0 la vente, situ\u00e9 au rez-de-chauss\u00e9e dans le quartier de La Estrella, dans la commune d\u2019Arona. Enregistr\u00e9 comme local commercial, il a \u00e9t\u00e9 enti\u00e8rement am\u00e9nag\u00e9 et est \u05db\u05d9\u05d5\u05dd utilis\u00e9 comme logement, offrant une distribution confortable et fonctionnelle pr\u00eate \u00e0 \u00eatre habit\u00e9e.<\/p>\n<p>Le bien dispose d\u2019un spacieux salon avec cuisine ouverte, moderne et lumineux. Il comprend une chambre principale, une seconde pi\u00e8ce actuellement utilis\u00e9e comme bureau pouvant \u00eatre adapt\u00e9e selon les besoins, une salle de bain compl\u00e8te avec douche ainsi qu\u2019un espace buanderie ind\u00e9pendant. L\u2019agencement a \u00e9t\u00e9 optimis\u00e9 pour tirer le meilleur parti de chaque m\u00e8tre carr\u00e9.<\/p>\n<p>Situ\u00e9 dans un quartier calme et bien desservi, proche des commerces, transports et \u00e0 quelques minutes de la mer et de Las Galletas, ce bien repr\u00e9sente une excellente opportunit\u00e9 tant pour r\u00e9sidence principale que pour investissement.<\/p>\n<p>\u00c0 noter que, bien que le bien soit utilis\u00e9 comme logement, il est officiellement enregistr\u00e9 comme local commercial.<\/p>\n<p>Un bien polyvalent, bien situ\u00e9, offrant de nombreuses possibilit\u00e9s.[IW]<\/p>\n","protected":false},"excerpt":{"rendered":"<p>Ce bien de 70 m\u00b2 construits est propos\u00e9 \u00e0 la vente, situ\u00e9 au rez-de-chauss\u00e9e dans le quartier de La Estrella, dans la commune d\u2019Arona. Enregistr\u00e9 comme local commercial, il a \u00e9t\u00e9 enti\u00e8rement am\u00e9nag\u00e9 et est \u05db\u05d9\u05d5\u05dd utilis\u00e9 comme logement, offrant une distribution confortable et fonctionnelle pr\u00eate \u00e0 \u00eatre habit\u00e9e. Le bien dispose d\u2019un spacieux salon [&hellip;]<\/p>\n","protected":false},"featured_media":17860,"template":"","meta":[],"property_type":[94],"property_operation":[209],"property_condition":[],"class_list":["post-17870","inmoweb_property","type-inmoweb_property","status-publish","has-post-thumbnail","hentry","property_type-appartement","property_operation-vente"],"_links":{"self":[{"href":"https:\/\/uniekproperties.com\/fr\/wp-json\/wp\/v2\/properties\/17870","targetHints":{"allow":["GET"]}}],"collection":[{"href":"https:\/\/uniekproperties.com\/fr\/wp-json\/wp\/v2\/properties"}],"about":[{"href":"https:\/\/uniekproperties.com\/fr\/wp-json\/wp\/v2\/types\/inmoweb_property"}],"version-history":[{"count":0,"href":"https:\/\/uniekproperties.com\/fr\/wp-json\/wp\/v2\/properties\/17870\/revisions"}],"wp:featuredmedia":[{"embeddable":true,"href":"https:\/\/uniekproperties.com\/fr\/wp-json\/wp\/v2\/media\/17860"}],"wp:attachment":[{"href":"https:\/\/uniekproperties.com\/fr\/wp-json\/wp\/v2\/media?parent=17870"}],"wp:term":[{"taxonomy":"property_type","embeddable":true,"href":"https:\/\/uniekproperties.com\/fr\/wp-json\/wp\/v2\/property_type?post=17870"},{"taxonomy":"property_operation","embeddable":true,"href":"https:\/\/uniekproperties.com\/fr\/wp-json\/wp\/v2\/property_operation?post=17870"},{"taxonomy":"property_condition","embeddable":true,"href":"https:\/\/uniekproperties.com\/fr\/wp-json\/wp\/v2\/property_condition?post=17870"}],"curies":[{"name":"wp","href":"https:\/\/api.w.org\/{rel}","templated":true}]}}

<p>Ce bien de 70 m² construits est proposé à la vente, situé au rez-de-chaussée dans le quartier de La Estrella, dans la commune d’Arona. Enregistré comme local commercial, il a été entièrement aménagé et est כיום utilisé comme logement, offrant une distribution confortable et fonctionnelle prête à être habitée.</p>
<p>Le bien dispose d’un spacieux salon avec cuisine ouverte, moderne et lumineux. Il comprend une chambre principale, une seconde pièce actuellement utilisée comme bureau pouvant être adaptée selon les besoins, une salle de bain complète avec douche ainsi qu’un espace buanderie indépendant. L’agencement a été optimisé pour tirer le meilleur parti de chaque mètre carré.</p>
<p>Situé dans un quartier calme et bien desservi, proche des commerces, transports et à quelques minutes de la mer et de Las Galletas, ce bien représente une excellente opportunité tant pour résidence principale que pour investissement.</p>
<p>À noter que, bien que le bien soit utilisé comme logement, il est officiellement enregistré comme local commercial.</p>
<p>Un bien polyvalent, bien situé, offrant de nombreuses possibilités.[IW]</p>

<p>Ce bien de 70 m² construits est proposé à la vente, situé au rez-de-chaussée dans le quartier de La Estrella, dans la commune d’Arona. Enregistré comme local commercial, il a été entièrement aménagé et est כיום utilisé comme logement, offrant une distribution confortable et fonctionnelle prête à être habitée. Le bien dispose d’un spacieux salon [&hellip;]</p>
